 2*i**2 - 2*i - 12. Suppose -139*b = -105*b - 238. What is m(b)?
72
Let v(k) = -2 + 0*k + 2*k + 4 + 4. Suppose 0 = -5*u + 2*l - 2, -2*u - 5*l = 2 - 7. Suppose 5*r + s + 24 = u, -3*r - r = -s + 21. What is v(r)?
-4
Let r(p) = -2*p**2 + 6*p. Suppose 23 = -8*n + 55. Let k be ((-64)/80)/(n/(-30)). What is r(k)?
-36
Suppose -6*d = -163 + 97. Let r(k) = -10*k**3 - 31*k**2 + 3*k**3 + 8*k**3 + 14*k**2 + d*k**2 - 5. Give r(6).
-5
Let x(j) = j**2 - 9*j + 23. Let h be 3/(-9)*(2 - 20). Let z be x(h). Let y(d) = 7*d**2 - 7*d**2 - z*d**3 + 3*d**3 - d. Calculate y(-2).
18
Let g(l) be the third derivative of -7*l**5/60 + l**4/8 + l**3/6 + 41*l**2 - 4. Determine g(2).
-21
Suppose 3*n - 8 = -5*n. Let o(w) = -w + 4. Let v be o(n). Let y(m) = -m + 24*m**2 + 2*m + 0*m - 2*m**v + 2 - 23*m**2. Calculate y(2).
-8
Let g(b) be the third derivative of b**7/2520 - 11*b**6/720 + b**5/20 - b**4/3 + 22*b**2. Let u(x) be the second derivative of g(x). What is u(10)?
-4
Suppose -i = 5*v - 2*v + 58, -3*i - 150 = v. Let r be (-502)/(-7) + (-14)/i. Suppose -5*m = 32 - r. Let y(b) = -b**2 + 10*b - 11. Determine y(m).
5
Suppose 8 = -4*v, 6*i - 5*v = 7*i + 3. Suppose i*b + 3 = 3. Let l(f) be the second derivative of f**4/12 - f**3/6 - 4*f**2 + 2*f. Give l(b).
-8
Let b = -112 + 295. Let k(h) = -178*h - b*h + 360*h + 19. Calculate k(8).
11
Let q be 15*16/40 + -9 + -1. Let n(s) = -5*s - 3. What is n(q)?
17
Suppose 32*l = 1013 - 373. Suppose 5*y + 5*d = 4*y + l, 0 = -y + 4*d - 25. Let v(s) = 7*s. Give v(y).
-35
Let m(c) = 14*c**2 - 27*c - 5. Let r(w) = w**3 - 61*w**2 + 932*w - 58. Let x be r(30). Give m(x).
-3
Let g(w) be the second derivative of w**5/20 - w**4/2 + 2*w**3/3 - 2*w**2 + 160*w + 1. Let x be 1 - -1 - (-8)/2. Determine g(x).
20
Let b(u) = -16*u + 818. Let g be b(51). Let k(f) be the first derivative of -f**4/4 - f**3/3 + f**2/2 + 3*f - 30. Give k(g).
-7
Let d(s) = -s**2 - 4*s + 3. Let q be d(0). Suppose -4*h + 16 = q*z, 0 = -3*h + 5*h + z - 10. Let i(p) = -p**3 + 8*p**2 - 4*p - 10. Calculate i(h).
11
Let j = -13689/2 + 6845. Let y(b) be the first derivative of 4 - j*b**2 + 0*b. What is y(0)?
0
Let h(j) = -93*j**3 - j**2 - j. Suppose 17 = -i + 2*n, -2*i + 15 - 41 = -3*n. Give h(i).
93
Let l(x) = 7*x - 1. Let c be (-2)/(-4) - 221/34. Let d be 1*(c + 11) - 4. Calculate l(d).
6
Let w(i) = -86417*i - 4 + 4 + 86422*i + 8*i**2 + 6 - i**3. Determine w(7).
90
Let g(q) = -14*q + 14. Let u(i) = -14*i + 17. Let d(r) = 5*g(r) - 4*u(r). What is d(4)?
-54
Let g(l) = -9*l**2 + 3*l - 1. Let u be 7 - (42 - 0)/3. Let y be u/(-6) + (-360)/(-432). What is g(y)?
-31
Let l(x) = -62 - 26 - 12 - 2*x + 56. Give l(-20).
-4
Let a(x) = x + 8. Let n be (-1170)/24 - (30/8)/(-5). Suppose -3*t = -4*t - 5*d + 63, 111 = 2*t + 5*d. Let u = n + t. Calculate a(u).
8
Let o be -12*(-2 + 3/2). Let v(c) be the second derivative of c**3/6 - 816*c + 2. Calculate v(o).
6
Let q be (-2)/(0 + 6/(-9)). Suppose -t + 6 = -5*v, 4*t - q*t + 5*v - 6 = 0. Let g(h) = -4*h + 4*h**2 - 2*h**3 - 3*h**3 + 3*h + t*h**3 + 1. Give g(-2).
11
Let x(l) = 4*l**2 - 3*l**2 + 1 + 0 + 6*l. Suppose j + 6 = a, -a - 7*j + 12 = -2*j. Let v be -2 - -2 - (-1 + a). Give x(v).
1
Suppose -a = -2*d - 39, 32*a - 33*a = -5*d - 102. Let z(t) = -t**3 - 20*t**2 + 22*t + 25. Calculate z(d).
4
Suppose 3*w - 2*u - 20 = 0, -7 = -2*w + 3*u + 8. Suppose -w*h + 92 = 128. Let i(l) = -3. Let a(q) = q - 13. Let z(k) = -2*a(k) + 9*i(k). Calculate z(h).
11
Let k(z) = z - 2. Let q = -19 + -45. Let x = q - -38. Let w = x - -30. What is k(w)?
2
Let n(o) = -o**3 - 10*o**2 - 2*o - 6. Suppose 5*z - 560 = -610. Determine n(z).
14
Let c(y) = -100*y + 2. Let h(r) = 139*r - 3. Let d(l) = -7*c(l) - 5*h(l). Let a be 9/(-6)*(-8)/(-6). What is d(a)?
-9
Let z = -117 + 278. Let v = -159 + z. Let c(b) = 9*b**2 - 4*b + 3. What is c(v)?
31
Let h(k) = 18*k - 39. Let c(z) = -94*z + 194. Let r(u) = 2*c(u) + 11*h(u). Give r(6).
19
Let d(m) be the third derivative of -m**5/120 - 5*m**4/24 + 40*m**3 - 12*m**2 - 8*m. Let b(n) be the first derivative of d(n). Calculate b(10).
-15
Let u(v) = -14*v**3 + 23290 + 13*v**3 - 2*v**2 + 22*v - 23288 - v**2. Give u(-6).
-22
Let g be ((-11)/(55/30))/((-6)/152). Let c(t) = 2*t**3 - t**3 - 6 - g*t**2 + 2*t + 143*t**2. Determine c(9).
12
Let f(h) = -5*h**2 - 6*h - 9. Let s(u) = -2*u**2 - 3*u - 4. Suppose 0 = -13*y - 21 - 18. Let z(a) = y*f(a) + 7*s(a). Give z(4).
3
Let c(q) = 2*q - 36. Let x be c(19). Suppose 36 = 4*m - 5*l, -l + 45 = 3*m + x*m. Let k(z) = -z + 14. Determine k(m).
5
Let f(r) = -3*r - 14. Let b = 6705 + -6708. Give f(b).
-5
Let n = -98 - -100. Suppose s - 2*h + 2 = 0, 3*s = -n*s + h - 28. Let g(a) = 7*a - 15*a**2 - 2*a + a**3 + 22*a**2. Calculate g(s).
6
Let f(k) = 18*k - k**2 + 4*k - 2*k**2 - 34 - 9*k + 2*k**2. Give f(10).
-4
Let y(r) = -5*r + 16. Let p(k) = k - 4. Let v(m) = 9*p(m) + 2*y(m). Let f be 2/2 + (-3 - 0). Let j(i) = 1. Let d(b) = f*v(b) - 11*j(b). Give d(7).
11
Let p(l) = l**2. Suppose 5*a - 5*g - 4 = 26, a = -4*g - 19. Suppose 18 - a = 5*d + 3*j, -3*d - 3*j = -15. What is p(d)?
1
Let m = -475 + 472. Let v(h) = 0 + 0 - 4*h**2 + 1 + 3*h**2. Give v(m).
-8
Let l(p) be the third derivative of p**4/6 + 17*p**3/3 - 29*p**2 + 30. Determine l(11).
78
Let v(g) = -8555*g + 4274*g + 4277*g - 23. Let n be (-1)/2*-3 + 204/(-24). Determine v(n).
5
Let b(x) be the second derivative of x**5/10 + x**4/12 + x**3/3 + x**2/2 - 4*x. Suppose 2*d = 12*d. Let r be 2/4*(2 + -4) + d. Calculate b(r).
-2
Let q(p) = 9*p - 3 + 7 + 3*p**2 + 49 - 40. What is q(-6)?
67
Let m(k) = k**3 - 7*k**2 + 5*k - 1. Suppose -35 = 3*i - 5*l + 19, -5*i - 90 = 3*l. Let d be ((720/50)/i)/(4/(-30)). Calculate m(d).
-7
Let l(f) = f**2 + 16*f + 9. Let b be l(-12). Let z = b + 51. Let h(k) = -1 - 4 - z*k + 13*k. Calculate h(6).
1
Let t(r) = -3 + 5 - 3*r**2 - r**3 + 0*r**3. Let k(i) = 20*i**3 + 0*i**2 + 14*i - 26 + 9*i**2 - 19*i**3. Let w be k(-6). What is t(w)?
-2
Let j(r) = -r**3 - 11*r**2 - 3*r - 23. Let w(t) = 112*t + 7045. Let b be w(-63). Give j(b).
10
Let m(j) = -362*j. Let y be m(-3). Let u be 2/(-10) - y/(-30). Suppose -2*z + 24 = -5*z + i, -3*z - u = -5*i. Let v(d) = -d - 3. Calculate v(z).
4
Suppose 194 = -2*y + 4*y - j, -2*y + 3*j = -186. Let a(v) = 91 + y - 188 + v. Determine a(0).
2
Let x(n) = 2*n**2 + 2*n - 1. Suppose -9*o + 4 = -3*d - 8*o, 5*d + 2*o - 8 = 0. Let u be x(d). Let l(q) = -7*q - 1. Give l(u).
6
Suppose 3957*c - 88 = 3949*c. Let x(a) be the second derivative of -a**4/12 + 5*a**3/3 - 5*a**2 + a. Determine x(c).
-21
Suppose -2 = b - 3*b. Let i(v) = 0 - 4 + v - 5 - 2*v + 6. Give i(b).
-4
Let l(u) = 2*u**2 - 1. Suppose 4*p + 0*p = 3*p. Suppose 6*b - 7*b = p. Suppose 2*n = -b*n + 2. Calculate l(n).
1
Let p = -1 - -14. Let n(q) = -23*q + 21. Let t(h) = -23*h + 24. Let w(a) = 3*n(a) - 2*t(a). Let r(b) = -11*b + 7. Let s(u) = p*r(u) - 6*w(u). Give s(1).
-4
Let q(b) be the first derivative of 2*b**2 + 16*b + 7072. Determine q(0).
16
Suppose 9*x = 4*x. Suppose 8*d + 15 - 47 = x. Let o(v) = v**3 - 2*v**2 - 9*v - 1. Determine o(d).
-5
Suppose 0 = 3*a + 4 + 17. Let q = 148 + -141. Let s(w) = -q - 7*w - 16*w + 32*w - 11*w. Give s(a).
7
Let t be 2/(-9) + 4/18. Let i(u) = 207*u - 41 - 60*u - 83*u - 63*u + 31. Determine i(t).
-10
Let r(z) = -z**3 - 7*z**2 - 10*z - 8. Suppose 2*v - 4 = -3*i, -4*v + 316*i - 317*i = 12. What is r(v)?
-16
Let z(c) = -14*c + 74. Let y(f) = 8*f + 78. Let d be y(-9). Let q(o) = 5*o - 25. Let i(p) = d*z(p) + 17*q(p). Determine i(-14).
5
Let w(s) = 101 + 105 + 105 + 104 - 426 - 3*s. Calculate w(-6).
7
Suppose 442*g = 445*g + 3. Let u(p) = 32*p**3 - p**2 + p + 3. Determine u(g).
-31
Let f(h) be the first derivative of -h**4/4 - 5*h**3 - 7*h**2 - 15*h - 1931. Give f(-14).
-15
Let v(j) = j - 10. Let m be v(10). Let n(c) be the third derivative of c**4/24 + 82*c**2. Calculate n(m).
0
Let j(x) = x**2 + 6*x + 1. Let o(y) = y**3 - 36*y**2 + 34*y + 31. Let m be ((-5)/15)/(6/(-594)) - -2. Let l be o(m). What is j(l)?
-7
Let y(f) = -53*f - 272. Suppose 20*j + 115 = -3*j. Let r be y(j). Let k(m) = -3*m + 2. Give k(r).
23
Suppose -665*l + 23*k + 340 = -669*l, -2*l = -4*k - 16. Let v(h) = -17*h - 4*h**2 + h**3 + 19*h**2 + h + 19. What is v(l)?
19
Let o(b) be the first derivative of -331*b + 141 + 165*b + 167*b - b**2. Determine o(-1).
3
Let p(u) = u**3 + 4*u*